t s(f) = 2*f**2 + 6*f - 9. Suppose 12*v = 13*v + 4. Let k be s(v). Calculate q(k).
-8
Let l(o) be the third derivative of -2*o**2 - 43 + 0*o + 1/3*o**3 + 5/24*o**4. What is l(5)?
27
Let p(w) be the second derivative of -5*w**4/12 + w**3/6 + w**2/2 + w + 7. Let t be 64/28 + (57/21 - 3). Determine p(t).
-17
Let j(s) = -10*s - 9. Suppose 0 = 5*t + v - 4*v - 80, 2*t - 32 = 3*v. Let w(o) = -52*o - 48. Let f(p) = t*j(p) - 3*w(p). Calculate f(-4).
16
Let g(q) = -q**3 + 14*q**2 - 5*q + 8. Let w(a) = -21*a**2 + a - 1. Let h(m) = g(m) + w(m). Let d(z) = 2*z + 16. Let o be d(-11). Calculate h(o).
-5
Let n be 2/((-8)/(-6) + -2). Let u = n + -1. Let s(k) be the second derivative of -k**4/12 - k**3 + 3*k**2/2 + 2332*k - 1. What is s(u)?
11
Let p(o) = 6*o + 266. Let s(t) = 6*t + 345. Let f(u) = 5*p(u) - 4*s(u). Give f(10).
10
Let c(n) = 9*n**3 - n**2 + 2*n - 2. Let v(t) = 4*t - 3. Let q(j) = -j**3 + 9*j**2 + 1. Let x be q(9). Let z be v(x). What is c(z)?
8
Suppose -56*d + 386 + 532 = 134. Let p(c) = c - 13. Give p(d).
1
Let c(f) be the third derivative of f**6/12 + f**5/30 + f**4/24 - 3318*f**2 - 2*f. Calculate c(-1).
-9
Let q(s) be the third derivative of -s**6/120 + 2*s**5/15 + 11*s**4/24 - 13*s**3/6 + 45*s**2 - 1. Let a(u) = -7*u**3 + 2*u**2. Let g be a(-1). Calculate q(g).
5
Let x(y) be the first derivative of -15*y**4/4 + 2*y**3/3 - 4*y**2 - 9*y + 3507. Give x(-1).
16
Let z(h) = 11*h**3 - 9*h**2 - 4*h - 17. Let a(r) = -15*r**3 + 14*r**2 + 6*r + 25. Let o(l) = 5*a(l) + 7*z(l). Determine o(-3).
9
Let l(f) = -13*f**3 + 12*f**2 - 12*f + 60. Let a(k) = 24*k**3 - 22*k**2 + 23*k - 112. Let v(n) = 6*a(n) + 11*l(n). Calculate v(2).
8
Suppose 3*d = d + 38. Let t(r) = 4 + 5 - r**2 + 11 - d. Calculate t(0).
1
Let z(b) = 13*b**3 - 10*b**2 - 22. Let q(u) = -6*u**3 + 4*u**2 + u - 2. Let d(s) = 2*q(s) + z(s). What is d(3)?
-11
Let q(x) = -1. Let c(y) = 7*y + 9. Let h(z) = -c(z) - 3*q(z). Let f be h(-2). Suppose 0 = 2*d + f - 12. Let s(l) = -7*l + 3. What is s(d)?
-11
Let w(g) = 5*g - 23. Let q(r) = r**2 + 27*r - 514. Let b be q(-40). Give w(b).
7
Let w(y) = y + 7. Suppose 0 = -21*a - 24 - 39. Calculate w(a).
4
Let v(y) = -y**2 - 36*y + 20. Let j be v(-16). Let s = j + -343. Let a(f) = -f**2 - f - 3. Calculate a(s).
-9
Let v be (-220)/10 + 21 - 0/1. Let m(q) = -7*q**2 + 7*q + 4. Give m(v).
-10
Let g(u) = 0 + 4*u**2 - 1 - u - 6*u + 6*u. Let c = -4 - -5. Suppose 5*r = 5*s - 5, 4*s + c = -r - 0*s. Calculate g(r).
4
Let r(c) be the first derivative of -7*c**2 + 67*c - 47. Let b be r(5). Let g(x) = -5*x + 1. Give g(b).
16
Let y(z) = z**3 + 7*z**2 - 9*z - 6. Suppose 50 = 80*r - 78*r. Let j(q) = -q**3 - 7*q**2 - 8*q - 11. Let i be j(-6). Suppose -r = 3*n - i. What is y(n)?
2
Let g(n) = -n + 4. Let b = -3773 - -3782. Calculate g(b).
-5
Suppose -2*p + 32 = 4*y, 18*y + 38 = 23*y + 2*p. Let m(i) = -6*i + 29. Give m(y).
-7
Let f(l) = l - 1. Suppose 0 = -5*k - 5*h + h + 41, 3*k + 2*h = 23. Suppose -k*t + 0*g - 2*g = -12, -2*g + 10 = 4*t. Calculate f(t).
1
Let d(u) = -2*u**2 - 60*u - 50. Let r(p) = 4*p**2 + 131*p + 101. Let i(s) = -7*d(s) - 3*r(s). Give i(-11).
-8
Let k(g) = -4*g**2 + g + 1. Let t = -31 - -76. Let c = 60 - t. Suppose -7*y = c - 8. Calculate k(y).
-4
Let w(s) = -s**2 + 8*s + 5. Let k = -356 + 374. Suppose 6*z = z - 5*f + 30, -3*z + k = -4*f. Determine w(z).
17
Let k(y) be the third derivative of 5*y**4/24 - 26*y**3/3 - y**2 - 4*y + 14. What is k(10)?
-2
Let z(g) = -g**3 + 5*g**2 + 8*g - 12. Let q be (10/8)/((-455)/(-2184)). Give z(q).
0
Let j(s) be the third derivative of s**5/60 + s**4/8 + 5*s**3/6 - 589*s**2. What is j(-4)?
9
Let b(y) = -65 + y**2 + 9384*y - 4666*y - 4690*y. Calculate b(-30).
-5
Let i(z) = 3*z**2 + 62*z + 7. Let r(k) = 9*k**2 + 165*k + 20. Let u(c) = 8*i(c) - 3*r(c). Calculate u(-3).
-34
Let b(z) be the first derivative of -z**3 - 9*z**2/2 - z + 17255. Suppose 0 = 4*q + 8 + 8. Give b(q).
-13
Suppose 4*j - 27 = 30*r - 33*r, -5*j + r + 10 = 0. Let k(x) be the second derivative of 0 - 12*x - 1/2*x**2 - 1/6*x**j. What is k(0)?
-1
Let s(p) = 4*p**2 - 13. Suppose -9*f = -13*f - 24. Let k(r) = 5*r**2 - 11. Let c(u) = f*k(u) + 5*s(u). Suppose 3*d + 9 = 3*v + d, 2*d + 8 = 2*v. Calculate c(v).
-9
Let n(z) be the third derivative of -5*z**4/4 - 6*z**3 + 4*z**2 - 671. Give n(-5).
114
Let s(o) = 6*o**2 - 10. Let l(r) = -39*r**2 - r + 63. Let y(i) = -l(i) - 6*s(i). Let z be (3 - 3 - 1) + -2. Give y(z).
21
Let i(p) = -357*p - 33. Let l(n) = -72*n + 1. Let y(b) = -i(b) + 5*l(b). What is y(14)?
-4
Suppose 5*w - 2*u - u + 5 = 0, u = 4*w + 11. Let r(o) = -o**3 - 7*o**2 + 7*o - 4. Let z be r(-8). Let s(i) = -1 - z + 34*i - 37*i. Determine s(w).
7
Suppose -3*t - 2020 + 2 = -2*x, -2700 = 4*t - 5*x. Let n = t + 664. Let h(y) = -y + 3. Give h(n).
9
Let o(w) = -w**3 + 10*w**2 - 5*w - 25. Suppose 4*t - 35 = 504*z - 505*z, -4*t + 38 = -2*z. What is o(t)?
11
Let m(b) = b**2 + b - 1. Let t(u) = 3*u**2 + 54*u + 213. Let h be t(-6). Determine m(h).
5
Let y(t) = -2*t**3 - 4*t**2 + 1. Let m(o) = 3*o - 6. Suppose 0 = 5*x - h, 9*h + 5 = -5*x + 11*h. Let g be m(x). Determine y(g).
19
Let c(b) = 2*b - 11. Suppose 6 = -2*a + 4, -5*a = 4*y - 71. Determine c(y).
27
Let j(r) = -4*r - 5. Let p(x) = x. Let f be -4 + ((-2)/(-3))/(2/9). Let g(u) = f*j(u) - 3*p(u). Let l = -9 + 3. Give g(l).
-1
Let u(m) be the third derivative of 1/30*m**5 + 0*m + 1/6*m**4 - 15/2*m**3 + 0 - 14*m**2. Let f(h) be the first derivative of u(h). What is f(-3)?
-8
Let n(a) = 2*a**3 - 46*a**2 + 3*a - 91. Suppose 1053 - 3330 = -99*m. What is n(m)?
-22
Suppose -32 = -5*s - 2*g, 5*s = 3*g - 3 + 5. Let q(m) = m**2 - 22*m + 55. Determine q(s).
-17
Let v(r) = -8*r**2 - 10*r + 16. Let j(h) = -7*h**2 - 8*h + 13. Let z(n) = -6*j(n) + 5*v(n). What is z(4)?
26
Let i(d) = d**2 - 4*d - 18. Let s be i(7). Let o(l) = 0 - 10*l**s - 2 + 3. Give o(-1).
11
Let x(g) be the second derivative of g**5/20 - g**2/2 - 13*g - 2. Let u(j) = -5*j**3 + 6*j**2 - 7*j + 16. Let y(s) = u(s) + 6*x(s). Give y(-7).
10
Let b(y) = -y**2 - 8*y - 1. Suppose -41*p + 648 = -53*p. Let h = 42 + p. Calculate b(h).
-49
Let s(j) = 3*j**2 - 3*j - 1. Suppose -1761*n = -1777*n - 32. Calculate s(n).
17
Let w be 5 - (10/2 + 0). Let s be -5*(-1 + w)/5. Let c(f) = -1 + 3*f**2 + f + f**2 - f**2. Determine c(s).
3
Let q(j) = -j**2 - 27*j - 59. Let a be q(-25). Let g(i) = 4*i + 10. Give g(a).
-26
Let h(u) be the second derivative of u**5/20 - 5*u**4/12 - 5*u**3/6 + 3*u**2 - 5686*u. Let a(y) = y**3 - 4*y**2 + 2*y - 3. Let i be a(4). Determine h(i).
-19
Let d(t) = -t**3 + 5*t**2 - 3*t - 3. Suppose 2*s + 9*s + 88 = 0. Let p(q) = q + 12. Let f be p(s). Let l be (f/12)/(1/15). Give d(l).
-18
Suppose -l + 5 = -5*y, -2*l + 5*y = 3*l + 55. Let f(a) = -2*a**2 - 26*a + 52. Calculate f(l).
-8
Suppose j + 37 = 26. Let l(i) = -5*i**3 + 6*i**2 + 9*i + 12. Let o(t) = 9*t**3 - 10*t**2 - 17*t - 23. Let a(k) = j*l(k) - 6*o(k). Let u = 12 - 7. What is a(u)?
-4
Suppose -75 = -23*x + 20*x. Suppose -x = 98*m - 73*m. Let w(c) = 12*c + 2. Determine w(m).
-10
Let h(q) = 3*q + 1. Let p(x) = x**2 + 50*x + 226. Let b be p(-45). Determine h(b).
4
Let q = -10627 - -10627. Let n(y) = -2*y**3 - 5*y**2 - 3*y + 6. Give n(q).
6
Let k(h) be the second derivative of h**5/20 - 3*h**4/4 + 5*h**3/3 - h**2/2 - 33*h + 9. Calculate k(8).
15
Let m be (2 - (-32)/(-12))/((-2)/9). Suppose d - m*d = 3*i - 9, -3*i = 3*d - 12. Let j(f) = -2 - 14*f**2 - 11*f**2 + 3 + 12*f**2. Calculate j(i).
-12
Let t(l) = 21*l + 45. Let x = -9341 - -9335. What is t(x)?
-81
Let v(s) be the second derivative of -s**5/20 + 2*s**4/3 - s**3 + 9*s**2 - 2121*s. Give v(8).
-30
Let q(x) be the third derivative of -x**8/20160 - x**7/2520 - x**5/30 + 10*x**4/3 + x**2 - 41*x. Let t(d) be the third derivative of q(d). Determine t(0).
0
Let x(t) = -t**3 - 5*t + 10. Suppose -5*o + 3*l = -3*l + 3*l + 5*l, -l = 0. What is x(o)?
10
Let s(h) = -3*h + 5. Let d = -8683 + 8693. Determine s(d).
-25
Suppose 0 = 4*a + w + 4*w + 65, 2*w = -a - 17. Let s(v) = 54*v - 44*v - 11*v + 5 + 3. Calculate s(a).
23
Let l(i) = 8*i + 4 - 3 - 9*i**2 - 22791*i**3 - i**2 + 22796*i**3. What is l(1)?
4
Let f(m) = -15 - 399 + 13843*m - 13639*m. What is f(2)?
-6
Suppose 77*q - 190 = -187*q + 74. Let v(k) = 17*k**3 - k**2 + k. Determine v(q).
17
Let h(z) = -z**2 - 93*z + 185370 + 9